{"id":17246,"date":"2022-06-14T17:14:13","date_gmt":"2022-06-14T15:14:13","guid":{"rendered":"https:\/\/metropolevsech.eu\/?page_id=17246"},"modified":"2022-06-14T17:14:13","modified_gmt":"2022-06-14T15:14:13","slug":"sluzby-socialni-a-zamestnanosti","status":"publish","type":"page","link":"https:\/\/metropolevsech.eu\/cs\/o-nas\/dobra-praxe-vzdelavani-pracovniku\/sluzby-socialni-a-zamestnanosti\/","title":{"rendered":"Slu\u017eby soci\u00e1ln\u00ed a zam\u011bstnanosti"},"content":{"rendered":"<p>INFOKARTY \u2013 dostupnost soci\u00e1ln\u00ed podpory a podpory v zam\u011bstnanosti pro migranty dle jejich pobytov\u00e9ho statusu:<\/p>\n<ul class=\"bullet-links\">\n<li><a href=\"https:\/\/metropolevsech.eu\/wp-content\/uploads\/2021\/07\/Hmotna-nouze-podpora-migrantu-dle-pobytoveho-opravneni.pdf\" rel=\"noopener\" target=\"_blank\">Hmotn\u00e1 nouze<\/a> \u2013 podpora migrant\u016f dle pobytov\u00e9ho opr\u00e1vn\u011bn\u00ed<\/li>\n<li><a href=\"https:\/\/metropolevsech.eu\/wp-content\/uploads\/2021\/07\/Prispevek-na-peci-podpora-migrantu-dle-pobytoveho-opravneni.pdf\" rel=\"noopener\" target=\"_blank\">P\u0159\u00edsp\u011bvek na p\u00e9\u010di<\/a> \u2013 podpora migrant\u016f dle pobytov\u00e9ho opr\u00e1vn\u011bn\u00ed<\/li>\n<li><a href=\"https:\/\/metropolevsech.eu\/wp-content\/uploads\/2021\/07\/Statni-socialni-podpora-podpora-migrantu-dle-pobytoveho-opravneni.pdf\" rel=\"noopener\" target=\"_blank\">St\u00e1tn\u00ed soci\u00e1ln\u00ed podpora<\/a> \u2013 podpora migrant\u016f dle pobytov\u00e9ho opr\u00e1vn\u011bn\u00ed<\/li>\n<li><a href=\"https:\/\/www.migrace.com\/adm\/_upload\/docs\/informacni-schema_socialni-zabezpeceni_def_1606738676.pdf\" rel=\"noopener\" target=\"_blank\">N\u00e1roky migrant\u016f v soci\u00e1ln\u00ed oblasti<\/a> \u2013 dle pobytov\u00e9ho opr\u00e1vn\u011bn\u00ed<\/li>\n<li><a href=\"https:\/\/metropolevsech.eu\/wp-content\/uploads\/2021\/07\/Zamestnanost-podpora-migrantu-dle-pobytoveho-opravneni.pdf\" rel=\"noopener\" target=\"_blank\">Zam\u011bstnanost<\/a> \u2013 podpora migrant\u016f dle pobytov\u00e9ho opr\u00e1vn\u011bn\u00ed<\/li>\n<\/ul>\n<p><\/p>","protected":false},"excerpt":{"rendered":"<p>INFOKARTY \u2013 dostupnost soci\u00e1ln\u00ed podpory a podpory v zam\u011bstnanosti pro migranty dle jejich pobytov\u00e9ho statusu: Hmotn\u00e1 nouze \u2013 podpora migrant\u016f dle pobytov\u00e9ho opr\u00e1vn\u011bn\u00ed P\u0159\u00edsp\u011bvek na p\u00e9\u010di \u2013 podpora migrant\u016f dle pobytov\u00e9ho opr\u00e1vn\u011bn\u00ed St\u00e1tn\u00ed soci\u00e1ln\u00ed podpora \u2013 podpora migrant\u016f dle pobytov\u00e9ho&#8230;<\/p>\n<a class=\"more-block\" href=\"https:\/\/metropolevsech.eu\/cs\/o-nas\/dobra-praxe-vzdelavani-pracovniku\/sluzby-socialni-a-zamestnanosti\/\">\u010c\u00edst v\u00edce<\/a>","protected":false},"author":12,"featured_media":0,"parent":17161,"menu_order":2,"comment_status":"closed","ping_status":"closed","template":"","meta":[],"acf":[],"_links":{"self":[{"href":"https:\/\/metropolevsech.eu\/cs\/wp-json\/wp\/v2\/pages\/17246"}],"collection":[{"href":"https:\/\/metropolevsech.eu\/cs\/wp-json\/wp\/v2\/pages"}],"about":[{"href":"https:\/\/metropolevsech.eu\/cs\/wp-json\/wp\/v2\/types\/page"}],"author":[{"embeddable":true,"href":"https:\/\/metropolevsech.eu\/cs\/wp-json\/wp\/v2\/users\/12"}],"replies":[{"embeddable":true,"href":"https:\/\/metropolevsech.eu\/cs\/wp-json\/wp\/v2\/comments?post=17246"}],"version-history":[{"count":1,"href":"https:\/\/metropolevsech.eu\/cs\/wp-json\/wp\/v2\/pages\/17246\/revisions"}],"predecessor-version":[{"id":17247,"href":"https:\/\/metropolevsech.eu\/cs\/wp-json\/wp\/v2\/pages\/17246\/revisions\/17247"}],"up":[{"embeddable":true,"href":"https:\/\/metropolevsech.eu\/cs\/wp-json\/wp\/v2\/pages\/17161"}],"wp:attachment":[{"href":"https:\/\/metropolevsech.eu\/cs\/wp-json\/wp\/v2\/media?parent=17246"}],"curies":[{"name":"wp","href":"https:\/\/api.w.org\/{rel}","templated":true}]}}

Služby sociální a zaměstnanosti

<p>INFOKARTY – dostupnost sociální podpory a podpory v zaměstnanosti pro migranty dle jejich pobytového statusu:</p>
<ul class="bullet-links">
<li><a href="https://metropolevsech.eu/wp-content/uploads/2021/07/Hmotna-nouze-podpora-migrantu-dle-pobytoveho-opravneni.pdf" rel="noopener" target="_blank">Hmotná nouze</a> – podpora migrantů dle pobytového oprávnění</li>
<li><a href="https://metropolevsech.eu/wp-content/uploads/2021/07/Prispevek-na-peci-podpora-migrantu-dle-pobytoveho-opravneni.pdf" rel="noopener" target="_blank">Příspěvek na péči</a> – podpora migrantů dle pobytového oprávnění</li>
<li><a href="https://metropolevsech.eu/wp-content/uploads/2021/07/Statni-socialni-podpora-podpora-migrantu-dle-pobytoveho-opravneni.pdf" rel="noopener" target="_blank">Státní sociální podpora</a> – podpora migrantů dle pobytového oprávnění</li>
<li><a href="https://www.migrace.com/adm/_upload/docs/informacni-schema_socialni-zabezpeceni_def_1606738676.pdf" rel="noopener" target="_blank">Nároky migrantů v sociální oblasti</a> – dle pobytového oprávnění</li>
<li><a href="https://metropolevsech.eu/wp-content/uploads/2021/07/Zamestnanost-podpora-migrantu-dle-pobytoveho-opravneni.pdf" rel="noopener" target="_blank">Zaměstnanost</a> – podpora migrantů dle pobytového oprávnění</li>
</ul>
<p></p>

<p>INFOKARTY – dostupnost sociální podpory a podpory v zaměstnanosti pro migranty dle jejich pobytového statusu: Hmotná nouze – podpora migrantů dle pobytového oprávnění Příspěvek na péči – podpora migrantů dle pobytového oprávnění Státní sociální podpora – podpora migrantů dle pobytového&#8230;</p>
<a class="more-block" href="https://metropolevsech.eu/cs/o-nas/dobra-praxe-vzdelavani-pracovniku/sluzby-socialni-a-zamestnanosti/">Číst více</a>
