{"id":313,"date":"2016-12-18T13:03:18","date_gmt":"2016-12-18T12:03:18","guid":{"rendered":"https:\/\/metropolevsech.eu\/?page_id=313"},"modified":"2022-06-02T19:36:06","modified_gmt":"2022-06-02T17:36:06","slug":"1-2-podpora-integrace-a-souziti-s-migranty-v-praze","status":"publish","type":"page","link":"https:\/\/metropolevsech.eu\/cs\/o-nas\/hlavni-mesto-praha-a-integrace\/1-2-podpora-integrace-a-souziti-s-migranty-v-praze\/","title":{"rendered":"Integrace a sou\u017eit\u00ed v  hl. m. Praze"},"content":{"rendered":"<p>Hlavni\u0301 me\u030csto Praha je v roce 2027 otevr\u030cenou a progresivni\u0301 metropoli\u0301 21. stoleti\u0301, ktera\u0301 reflektuje a uspokojuje potr\u030ceby a za\u0301jmy vs\u030cech svy\u0301ch obyvatel bez rozdi\u0301lu. Svou integrac\u030cni\u0301 politikou Praha mi\u0301r\u030ci\u0301 nejen na migranty a svy\u0301m rovny\u0301m pr\u030ci\u0301stupem je me\u030cstem svobodne\u0301 a pr\u030cirozene\u0301 z\u030cite\u0301 diverzity.<\/p>\n<div class=\"mhmp-quote\">Di\u0301ky sve\u0301 ru\u030aznorodosti a otevr\u030cenosti Praha prosperuje a je kvalitni\u0301m mi\u0301stem pro z\u030civot vs\u030cech Praz\u030canu\u030a.\n<\/div>\n<p class=\"quote-author\">Koncepce hl.m.Prahy pro oblast integrace cizinc\u016f<\/p>\n<p class=\"quote-author\">Praha Metropole v\u0161ech, 2022-2027<\/p>\n<p>Hl. m. Praha je atraktivn\u00edm m\u00edstem k\u00a0\u017eivotu pro st\u00e1le v\u00edce migrant\u016f ze v\u0161ech kout\u016f sv\u011bta. Migrace samotn\u00e1 m\u016f\u017ee b\u00fdt nejenom ekonomick\u00fdm p\u0159\u00ednosem, ale tak\u00e9 kulturn\u00edm obohacen\u00edm m\u011bsta a jeho rozmanitosti. Z\u00e1rove\u0148 v\u0161ak p\u0159edstavuje v\u00fdzvu pro vz\u00e1jemn\u00e9 sou\u017eit\u00ed v\u0161ech obyvatel.<\/p>\n<p>Ze zku\u0161enost\u00ed z\u00e1padoevropsk\u00fdch metropol\u00ed, kter\u00e9 se integra\u010dn\u00ed politikou dlouhodob\u011b zab\u00fdvaj\u00ed, jasn\u011b vypl\u00fdv\u00e1 pot\u0159eba zam\u011b\u0159it se co nejv\u00edce na lok\u00e1ln\u00ed \u00farove\u0148. Lok\u00e1ln\u00ed integra\u010dn\u00ed politika p\u0159edpokl\u00e1d\u00e1 aktivn\u00ed zapojen\u00ed a koordinovanou spolupr\u00e1ci v\u0161ech akt\u00e9r\u016f \u2013 Magistr\u00e1tu hl. m. Prahy, \u00fa\u0159ad\u016f m\u011bstsk\u00fdch \u010d\u00e1st\u00ed, neziskov\u00fdch organizac\u00ed, st\u00e1tn\u00edch instituc\u00ed, ale i samotn\u00fdch migrant\u016f a jejich sdru\u017een\u00ed i ostatn\u00edch obyvatel hl. m. Prahy.<\/p>\n<p>V\u00a0sou\u010dasnosti je pro hl. m. Prahu d\u016fle\u017eit\u00e9 vyu\u017e\u00edt potenci\u00e1l migrace, zlep\u0161it \u017eivotn\u00ed podm\u00ednky migrant\u016f a v\u00a0neposledn\u00ed \u0159ad\u011b podpo\u0159it p\u0159\u00e1telsk\u00e9 sou\u017eit\u00ed mezi v\u0161emi obyvateli hl. m. Prahy.<\/p>\n<p>Douf\u00e1me, \u017ee k\u00a0t\u011bmto c\u00edl\u016fm p\u0159isp\u011bj\u00ed tak\u00e9 n\u00e1sleduj\u00edc\u00ed webov\u00e9 str\u00e1nky. Dozv\u00edte se zde, kdo se zab\u00fdv\u00e1 oblast\u00ed integrace a sou\u017eit\u00ed na \u00fazem\u00ed hl. m. Prahy. Tedy na koho se m\u016f\u017eete obr\u00e1tit, a to jak na \u00farovni Magistr\u00e1tu hl. m. Prahy, tak i na \u00farovni jednotliv\u00fdch m\u011bstsk\u00fdch \u010d\u00e1st\u00ed. V\u00a0aktualit\u00e1ch m\u016f\u017eete sledovat sou\u010dasn\u00e9 d\u011bn\u00ed a na str\u00e1nk\u00e1ch najdete tak\u00e9\u00a0tipy jak se i vy m\u016f\u017eete zapojit.<\/p>\n<h3>Demografie a \u017eivot cizinc\u016f v Praze<\/h3>\n<div class=\"mhmp-quote\">By\u0301t me\u030cstem, ktere\u0301 spojuje. To je jedna z pe\u030cti nejdu\u030alez\u030cite\u030cjs\u030ci\u0301ch vlastnosti\u0301, jimiz\u030c autor\u030ci Strategicke\u0301ho pla\u0301nu hlavni\u0301ho me\u030csta Prahy popsali vizi sve\u0301ho domova v roce 2030. Aby se Praha stala mi\u0301stem, kde lide\u0301 z\u030ciji\u0301 spolu, a ne vedle sebe. Aby byla metropoli\u0301 vs\u030cech.<\/div>\n<p>O atraktivite\u030c Prahy jako mi\u0301sta k z\u030civotu sve\u030cdc\u030ci\u0301 rostouci\u0301 poc\u030cet lidi\u0301, kter\u030ci\u0301 se rozhodli v Praze usadit. A to jak lidi\u0301 C\u030ceske\u0301 republiky, tak te\u030cch ze zahranic\u030ci\u0301. Tuto pr\u030citaz\u030clivost potvrzuji\u0301 i ru\u030azna\u0301 srovna\u0301ni\u0301 me\u030cst z cele\u0301ho sve\u030cta, v nichz\u030c se Praha umist\u030cuje na du\u030astojny\u0301ch mi\u0301stech.<\/p>\n<p>Dlouhodobe\u030c je vi\u0301ce nez\u030c tr\u030cetina vs\u030cech cizincu\u030a z\u030ciji\u0301ci\u0301ch v C\u030cR soustr\u030cede\u030cna pra\u0301ve\u030c v Praze, kde tvor\u030ci\u0301 takr\u030cka 16 % obyvatel. Tedy kaz\u030cdy\u0301 s\u030cesty\u0301 obyvatel Prahy je cizinec.<\/p>\n<p>Ac\u030ckoliv se 16 % nemusi\u0301 zda\u0301t hodne\u030c, v absolutni\u0301ch c\u030ci\u0301slech jde o vysoke\u0301 c\u030ci\u0301slo. V dobe\u030c aktualizace Koncepce tak v Praze z\u030cilo pr\u030ces 223 000 cizincu\u030a. Navi\u0301c te\u030cchto 16 % neni\u0301 rozprostr\u030ceno rovnome\u030crne\u030c po u\u0301zemi\u0301 Prahy a ru\u030azne\u0301 me\u030cstske\u0301 c\u030ca\u0301sti nesou ru\u030azne\u030c velke\u0301 br\u030ci\u0301me\u030c souviseji\u0301ci\u0301 s bezbarie\u0301rovosti\u0301 sluz\u030ceb tak, aby je mohli vyuz\u030ci\u0301vat vs\u030cichni obyvatele\u0301. Nejme\u0301ne\u030c pe\u030ct me\u030cstsky\u0301ch c\u030ca\u0301sti\u0301 ma\u0301 podi\u0301l obyvatel-cizincu\u030a pr\u030cesahuji\u0301ci\u0301ch jednu pe\u030ctinu a v Praze-Nebus\u030cici\u0301ch je to dokonce jedna tr\u030cetina.<\/p>\n<p>Situaci znesnadn\u030cuje take\u0301 fakt, z\u030ce z\u030ca\u0301dna\u0301 z na\u0301rodnosti\u0301 v Praze ani v jednotlivy\u0301ch me\u030cstsky\u0301ch c\u030ca\u0301stech vy\u0301razne\u030c nepr\u030cevaz\u030cuje. Nejvi\u0301ce cizincu\u030a z\u030ciji\u0301ci\u0301ch v Praze pocha\u0301zi\u0301 z Ukrajiny (26 %), Slovenska (15 %), Ruska (12 %) a Vietnamu (6 %). Ostatni\u0301 do Prahy pr\u030cis\u030cli z nejru\u030azne\u030cjs\u030ci\u0301ch zemi\u0301 sve\u030cta a z\u030ca\u0301dna\u0301 dals\u030ci\u0301 na\u0301rodnost netvor\u030ci\u0301 ve\u030cts\u030ci\u0301 skupinu. Na jednu stranu <strong>lze konstatovat<\/strong>, z\u030ce zde zati\u0301m nevznikaji\u0301 uzavr\u030cene\u0301 a u\u0301zemne\u030c koncentrovane\u0301 komunity, <strong>tr\u030cebaz\u030ce v ne\u030cktery\u0301ch lokalita\u0301ch koncentrace urc\u030city\u0301ch na\u0301rodnosti\u0301 vy\u0301razne\u030cji stoupa\u0301 (napr\u030c. MC\u030c Praha 13, MC\u030c Praha 14)<\/strong>. Na druhou stranu se pracovni\u0301ci instituci\u0301 a ver\u030cejny\u0301ch sluz\u030ceb musi\u0301 vypor\u030ca\u0301da\u0301vat s rozmanity\u0301mi situacemi vyply\u0301vaji\u0301ci\u0301 ze skutec\u030cnosti, z\u030ce cizinec z\u030ciji\u0301ci\u0301 v Praze mu\u030az\u030ce by\u0301t odkudkoliv. Nestac\u030ci\u0301 se tedy zame\u030cr\u030cit na jednu skupinu, ale sluz\u030cby je tr\u030ceba uzpu\u030asobovat tak, aby byly dostupne\u0301 pro vs\u030cechny bez ohledu na pu\u030avod.<\/p>\n<img loading=\"lazy\" src=\"https:\/\/metropolevsech.eu\/wp-content\/uploads\/2022\/05\/841FC92C-FD43-4629-8AB4-4F1039D168CE.jpeg\" alt=\"\" width=\"834\" height=\"602\" class=\"alignleft size-full wp-image-16904\" srcset=\"https:\/\/metropolevsech.eu\/wp-content\/uploads\/2022\/05\/841FC92C-FD43-4629-8AB4-4F1039D168CE.jpeg 834w, https:\/\/metropolevsech.eu\/wp-content\/uploads\/2022\/05\/841FC92C-FD43-4629-8AB4-4F1039D168CE-300x217.jpeg 300w, https:\/\/metropolevsech.eu\/wp-content\/uploads\/2022\/05\/841FC92C-FD43-4629-8AB4-4F1039D168CE-768x554.jpeg 768w, https:\/\/metropolevsech.eu\/wp-content\/uploads\/2022\/05\/841FC92C-FD43-4629-8AB4-4F1039D168CE-670x484.jpeg 670w\" sizes=\"(max-width: 834px) 100vw, 834px\" \/>\n<img loading=\"lazy\" src=\"https:\/\/metropolevsech.eu\/wp-content\/uploads\/2022\/05\/CDC3508D-A141-4DF2-B6C4-C4F35539D0F5.jpeg\" alt=\"\" width=\"817\" height=\"613\" class=\"alignleft size-full wp-image-16906\" srcset=\"https:\/\/metropolevsech.eu\/wp-content\/uploads\/2022\/05\/CDC3508D-A141-4DF2-B6C4-C4F35539D0F5.jpeg 817w, https:\/\/metropolevsech.eu\/wp-content\/uploads\/2022\/05\/CDC3508D-A141-4DF2-B6C4-C4F35539D0F5-300x225.jpeg 300w, https:\/\/metropolevsech.eu\/wp-content\/uploads\/2022\/05\/CDC3508D-A141-4DF2-B6C4-C4F35539D0F5-768x576.jpeg 768w, https:\/\/metropolevsech.eu\/wp-content\/uploads\/2022\/05\/CDC3508D-A141-4DF2-B6C4-C4F35539D0F5-670x503.jpeg 670w\" sizes=\"(max-width: 817px) 100vw, 817px\" \/>\n<p><img loading=\"lazy\" src=\"https:\/\/metropolevsech.eu\/wp-content\/uploads\/2022\/05\/78892DC2-5F85-4534-A935-FCBC003C5BB8.jpeg\" alt=\"\" width=\"812\" height=\"549\" class=\"alignleft size-full wp-image-16907\" srcset=\"https:\/\/metropolevsech.eu\/wp-content\/uploads\/2022\/05\/78892DC2-5F85-4534-A935-FCBC003C5BB8.jpeg 812w, https:\/\/metropolevsech.eu\/wp-content\/uploads\/2022\/05\/78892DC2-5F85-4534-A935-FCBC003C5BB8-300x203.jpeg 300w, https:\/\/metropolevsech.eu\/wp-content\/uploads\/2022\/05\/78892DC2-5F85-4534-A935-FCBC003C5BB8-768x519.jpeg 768w, https:\/\/metropolevsech.eu\/wp-content\/uploads\/2022\/05\/78892DC2-5F85-4534-A935-FCBC003C5BB8-670x453.jpeg 670w\" sizes=\"(max-width: 812px) 100vw, 812px\" \/><\/p>","protected":false},"excerpt":{"rendered":"<p>Hlavni\u0301 me\u030csto Praha je v roce 2027 otevr\u030cenou a progresivni\u0301 metropoli\u0301 21. stoleti\u0301, ktera\u0301 reflektuje a uspokojuje potr\u030ceby a za\u0301jmy vs\u030cech svy\u0301ch obyvatel bez rozdi\u0301lu. Svou integrac\u030cni\u0301 politikou Praha mi\u0301r\u030ci\u0301 nejen na migranty a svy\u0301m rovny\u0301m pr\u030ci\u0301stupem je me\u030cstem svobodne\u0301&#8230;<\/p>\n<a class=\"more-block\" href=\"https:\/\/metropolevsech.eu\/cs\/o-nas\/hlavni-mesto-praha-a-integrace\/1-2-podpora-integrace-a-souziti-s-migranty-v-praze\/\">\u010c\u00edst v\u00edce<\/a>","protected":false},"author":7,"featured_media":7894,"parent":16975,"menu_order":1,"comment_status":"closed","ping_status":"closed","template":"","meta":[],"acf":[],"_links":{"self":[{"href":"https:\/\/metropolevsech.eu\/cs\/wp-json\/wp\/v2\/pages\/313"}],"collection":[{"href":"https:\/\/metropolevsech.eu\/cs\/wp-json\/wp\/v2\/pages"}],"about":[{"href":"https:\/\/metropolevsech.eu\/cs\/wp-json\/wp\/v2\/types\/page"}],"author":[{"embeddable":true,"href":"https:\/\/metropolevsech.eu\/cs\/wp-json\/wp\/v2\/users\/7"}],"replies":[{"embeddable":true,"href":"https:\/\/metropolevsech.eu\/cs\/wp-json\/wp\/v2\/comments?post=313"}],"version-history":[{"count":22,"href":"https:\/\/metropolevsech.eu\/cs\/wp-json\/wp\/v2\/pages\/313\/revisions"}],"predecessor-version":[{"id":16908,"href":"https:\/\/metropolevsech.eu\/cs\/wp-json\/wp\/v2\/pages\/313\/revisions\/16908"}],"up":[{"embeddable":true,"href":"https:\/\/metropolevsech.eu\/cs\/wp-json\/wp\/v2\/pages\/16975"}],"wp:featuredmedia":[{"embeddable":true,"href":"https:\/\/metropolevsech.eu\/cs\/wp-json\/wp\/v2\/media\/7894"}],"wp:attachment":[{"href":"https:\/\/metropolevsech.eu\/cs\/wp-json\/wp\/v2\/media?parent=313"}],"curies":[{"name":"wp","href":"https:\/\/api.w.org\/{rel}","templated":true}]}}

Integrace a soužití v  hl. m. Praze

<p>Hlavní město Praha je v roce 2027 otevřenou a progresivní metropolí 21. století, která reflektuje a uspokojuje potřeby a zájmy všech svých obyvatel bez rozdílu. Svou integrační politikou Praha míří nejen na migranty a svým rovným přístupem je městem svobodné a přirozené žité diverzity.</p>
<div class="mhmp-quote">Díky své různorodosti a otevřenosti Praha prosperuje a je kvalitním místem pro život všech Pražanů.
</div>
<p class="quote-author">Koncepce hl.m.Prahy pro oblast integrace cizinců</p>
<p class="quote-author">Praha Metropole všech, 2022-2027</p>
<p>Hl. m. Praha je atraktivním místem k životu pro stále více migrantů ze všech koutů světa. Migrace samotná může být nejenom ekonomickým přínosem, ale také kulturním obohacením města a jeho rozmanitosti. Zároveň však představuje výzvu pro vzájemné soužití všech obyvatel.</p>
<p>Ze zkušeností západoevropských metropolí, které se integrační politikou dlouhodobě zabývají, jasně vyplývá potřeba zaměřit se co nejvíce na lokální úroveň. Lokální integrační politika předpokládá aktivní zapojení a koordinovanou spolupráci všech aktérů – Magistrátu hl. m. Prahy, úřadů městských částí, neziskových organizací, státních institucí, ale i samotných migrantů a jejich sdružení i ostatních obyvatel hl. m. Prahy.</p>
<p>V současnosti je pro hl. m. Prahu důležité využít potenciál migrace, zlepšit životní podmínky migrantů a v neposlední řadě podpořit přátelské soužití mezi všemi obyvateli hl. m. Prahy.</p>
<p>Doufáme, že k těmto cílům přispějí také následující webové stránky. Dozvíte se zde, kdo se zabývá oblastí integrace a soužití na území hl. m. Prahy. Tedy na koho se můžete obrátit, a to jak na úrovni Magistrátu hl. m. Prahy, tak i na úrovni jednotlivých městských částí. V aktualitách můžete sledovat současné dění a na stránkách najdete také tipy jak se i vy můžete zapojit.</p>
<h3>Demografie a život cizinců v Praze</h3>
<div class="mhmp-quote">Být městem, které spojuje. To je jedna z pěti nejdůležitějších vlastností, jimiž autoři Strategického plánu hlavního města Prahy popsali vizi svého domova v roce 2030. Aby se Praha stala místem, kde lidé žijí spolu, a ne vedle sebe. Aby byla metropolí všech.</div>
<p>O atraktivitě Prahy jako místa k životu svědčí rostoucí počet lidí, kteří se rozhodli v Praze usadit. A to jak lidí České republiky, tak těch ze zahraničí. Tuto přitažlivost potvrzují i různá srovnání měst z celého světa, v nichž se Praha umisťuje na důstojných místech.</p>
<p>Dlouhodobě je více než třetina všech cizinců žijících v ČR soustředěna právě v Praze, kde tvoří takřka 16 % obyvatel. Tedy každý šestý obyvatel Prahy je cizinec.</p>
<p>Ačkoliv se 16 % nemusí zdát hodně, v absolutních číslech jde o vysoké číslo. V době aktualizace Koncepce tak v Praze žilo přes 223 000 cizinců. Navíc těchto 16 % není rozprostřeno rovnoměrně po území Prahy a různé městské části nesou různě velké břímě související s bezbariérovostí služeb tak, aby je mohli využívat všichni obyvatelé. Nejméně pět městských částí má podíl obyvatel-cizinců přesahujících jednu pětinu a v Praze-Nebušicích je to dokonce jedna třetina.</p>
<p>Situaci znesnadňuje také fakt, že žádná z národností v Praze ani v jednotlivých městských částech výrazně nepřevažuje. Nejvíce cizinců žijících v Praze pochází z Ukrajiny (26 %), Slovenska (15 %), Ruska (12 %) a Vietnamu (6 %). Ostatní do Prahy přišli z nejrůznějších zemí světa a žádná další národnost netvoří větší skupinu. Na jednu stranu <strong>lze konstatovat</strong>, že zde zatím nevznikají uzavřené a územně koncentrované komunity, <strong>třebaže v některých lokalitách koncentrace určitých národností výrazněji stoupá (např. MČ Praha 13, MČ Praha 14)</strong>. Na druhou stranu se pracovníci institucí a veřejných služeb musí vypořádávat s rozmanitými situacemi vyplývající ze skutečnosti, že cizinec žijící v Praze může být odkudkoliv. Nestačí se tedy zaměřit na jednu skupinu, ale služby je třeba uzpůsobovat tak, aby byly dostupné pro všechny bez ohledu na původ.</p>
<img loading="lazy" src="https://metropolevsech.eu/wp-content/uploads/2022/05/841FC92C-FD43-4629-8AB4-4F1039D168CE.jpeg" alt="" width="834" height="602" class="alignleft size-full wp-image-16904" srcset="https://metropolevsech.eu/wp-content/uploads/2022/05/841FC92C-FD43-4629-8AB4-4F1039D168CE.jpeg 834w, https://metropolevsech.eu/wp-content/uploads/2022/05/841FC92C-FD43-4629-8AB4-4F1039D168CE-300x217.jpeg 300w, https://metropolevsech.eu/wp-content/uploads/2022/05/841FC92C-FD43-4629-8AB4-4F1039D168CE-768x554.jpeg 768w, https://metropolevsech.eu/wp-content/uploads/2022/05/841FC92C-FD43-4629-8AB4-4F1039D168CE-670x484.jpeg 670w" sizes="(max-width: 834px) 100vw, 834px" />
<img loading="lazy" src="https://metropolevsech.eu/wp-content/uploads/2022/05/CDC3508D-A141-4DF2-B6C4-C4F35539D0F5.jpeg" alt="" width="817" height="613" class="alignleft size-full wp-image-16906" srcset="https://metropolevsech.eu/wp-content/uploads/2022/05/CDC3508D-A141-4DF2-B6C4-C4F35539D0F5.jpeg 817w, https://metropolevsech.eu/wp-content/uploads/2022/05/CDC3508D-A141-4DF2-B6C4-C4F35539D0F5-300x225.jpeg 300w, https://metropolevsech.eu/wp-content/uploads/2022/05/CDC3508D-A141-4DF2-B6C4-C4F35539D0F5-768x576.jpeg 768w, https://metropolevsech.eu/wp-content/uploads/2022/05/CDC3508D-A141-4DF2-B6C4-C4F35539D0F5-670x503.jpeg 670w" sizes="(max-width: 817px) 100vw, 817px" />
<p><img loading="lazy" src="https://metropolevsech.eu/wp-content/uploads/2022/05/78892DC2-5F85-4534-A935-FCBC003C5BB8.jpeg" alt="" width="812" height="549" class="alignleft size-full wp-image-16907" srcset="https://metropolevsech.eu/wp-content/uploads/2022/05/78892DC2-5F85-4534-A935-FCBC003C5BB8.jpeg 812w, https://metropolevsech.eu/wp-content/uploads/2022/05/78892DC2-5F85-4534-A935-FCBC003C5BB8-300x203.jpeg 300w, https://metropolevsech.eu/wp-content/uploads/2022/05/78892DC2-5F85-4534-A935-FCBC003C5BB8-768x519.jpeg 768w, https://metropolevsech.eu/wp-content/uploads/2022/05/78892DC2-5F85-4534-A935-FCBC003C5BB8-670x453.jpeg 670w" sizes="(max-width: 812px) 100vw, 812px" /></p>

<p>Hlavní město Praha je v roce 2027 otevřenou a progresivní metropolí 21. století, která reflektuje a uspokojuje potřeby a zájmy všech svých obyvatel bez rozdílu. Svou integrační politikou Praha míří nejen na migranty a svým rovným přístupem je městem svobodné&#8230;</p>
<a class="more-block" href="https://metropolevsech.eu/cs/o-nas/hlavni-mesto-praha-a-integrace/1-2-podpora-integrace-a-souziti-s-migranty-v-praze/">Číst více</a>
