{"id":3448,"date":"2017-05-14T22:49:05","date_gmt":"2017-05-14T20:49:05","guid":{"rendered":"https:\/\/metropolevsech.eu\/?page_id=3448"},"modified":"2025-02-20T12:52:49","modified_gmt":"2025-02-20T11:52:49","slug":"mestska-cast-praha-21","status":"publish","type":"page","link":"https:\/\/metropolevsech.eu\/cs\/kontakty\/urady-v-praze\/mestske-casti\/jednotlive-mestske-casti\/mestska-cast-praha-21\/","title":{"rendered":"M\u010c Praha 21"},"content":{"rendered":"<p><\/p>\n<h3><strong>\u00da\u0158AD M\u011aSTSK\u00c9 \u010c\u00c1STI PRAHA 21<\/strong><\/h3>\n<p>&nbsp;<\/p>\n<p><strong>adresa:<\/strong> Starokl\u00e1novick\u00e1 260, 190 16 Praha 9<\/p>\n<p><strong>telefon podatelna<\/strong>: 281 01 29 11<\/p>\n<p><strong>e-mail:<\/strong> <a href=\"mailto:podatelna@praha21.cz\">podatelna@praha21.cz<\/a><\/p>\n<p><strong>internetov\u00e1 adresa:<\/strong> <a href=\"http:\/\/www.praha21.cz\">www.praha21.cz<\/a><\/p>\n<p>&nbsp;<\/p>\n<p>M\u011bstsk\u00e1 \u010d\u00e1st Praha 21 zahrnuje katastr\u00e1ln\u00ed \u00fazem\u00ed \u00dajezd nad Lesy u v\u00fdchodn\u00ed hranice hlavn\u00edho m\u011bsta Prahy. Po\u010d\u00e1tkem 20. stolet\u00ed se obec rozr\u016fst\u00e1 v\u00fdstavbou rodinn\u00fdch vilek a domk\u016f, \u00fapravou silnic a chodn\u00edk\u016f, stavbou polyfunk\u010dn\u00edho centra. Obec je charakteristick\u00e1 v\u00fdskytem rozs\u00e1hl\u00fdch les\u016f, kter\u00e9 ji \u010din\u00ed zaj\u00edmavou p\u0159\u00edrodn\u00ed lokalitou.<\/p>\n<p><strong>\u00a0<\/strong><\/p>\n<h3><strong>Ostatn\u00ed \u00fa\u0159ady: <\/strong><\/h3>\n<h4>Pobo\u010dka \u00fa\u0159adu pr\u00e1ce<\/h4>\n<p>Kontaktn\u00ed pracovi\u0161t\u011b <a href=\"https:\/\/www.uradprace.cz\/praha-9\">Praha 9<\/a> (pro Prahu 9, 14, 18, 19, 20 a 21)<\/p>\n<p><a href=\"https:\/\/www.uradprace.cz\/praha-9\">Kontakty na pracovi\u0161t\u011b<\/a>, <a href=\"https:\/\/www.uradprace.cz\/web\/cz\/volna-mista-v-cr\">Voln\u00e1 m\u00edsta<\/a><\/p>\n<p><strong>\u00a0<\/strong><\/p>\n<h4><strong>Pra\u017esk\u00e1 spr\u00e1va soci\u00e1ln\u00edho zabezpe\u010den\u00ed (PSSZ)<\/strong><\/h4>\n<div class=\"box-ok\"><\/p>\n<p><em> \u00dazemn\u00ed p\u016fsobnost \u00fa\u0159adu nen\u00ed d\u00e1na. M\u016f\u017eete tedy zvolit kter\u00e9koliv \u00fazemn\u00ed pracovi\u0161t\u011b bez ohledu na m\u00edsto pobytu \u010di s\u00eddlo. <\/em><\/p>\n<p><em><a href=\"http:\/\/www.cssz.cz\/cz\/kontakty\/krajska-a-okresni-pracoviste\/praha\/\">Kontakty na jednotliv\u00e1 \u00fazemn\u00ed pracovi\u0161t\u011b <\/a><\/em><\/div>\n<p><strong>\u00a0<\/strong><\/p>\n<h4><strong>Finan\u010dn\u00ed \u00fa\u0159ad<\/strong><\/h4>\n<p>\u00dazemn\u00ed pracovi\u0161t\u011b pro Prahu 9<\/p>\n<p><strong>Adresa:<\/strong> Praha 7, n\u00e1b\u0159. Kpt. Jaro\u0161e 1000\/7, 170 00<\/p>\n<p><a href=\"https:\/\/www.financnisprava.cz\/cs\/financni-sprava\/financni-sprava-cr\/organizacni-struktura\/organy-financni-spravy\/uzemni-pracoviste\/2009-uzemni-pracoviste-pro-prahu-9\">Kontaktn\u00ed informace<\/a><\/p>","protected":false},"excerpt":{"rendered":"<p>\u00da\u0158AD M\u011aSTSK\u00c9 \u010c\u00c1STI PRAHA 21 &nbsp; adresa: Starokl\u00e1novick\u00e1 260, 190 16 Praha 9 telefon podatelna: 281 01 29 11 e-mail: podatelna@praha21.cz internetov\u00e1 adresa: www.praha21.cz &nbsp; M\u011bstsk\u00e1 \u010d\u00e1st Praha 21 zahrnuje katastr\u00e1ln\u00ed \u00fazem\u00ed \u00dajezd nad Lesy u v\u00fdchodn\u00ed hranice hlavn\u00edho m\u011bsta&#8230;<\/p>\n<a class=\"more-block\" href=\"https:\/\/metropolevsech.eu\/cs\/kontakty\/urady-v-praze\/mestske-casti\/jednotlive-mestske-casti\/mestska-cast-praha-21\/\">\u010c\u00edst v\u00edce<\/a>","protected":false},"author":7,"featured_media":0,"parent":3406,"menu_order":21,"comment_status":"closed","ping_status":"closed","template":"","meta":[],"acf":[],"_links":{"self":[{"href":"https:\/\/metropolevsech.eu\/cs\/wp-json\/wp\/v2\/pages\/3448"}],"collection":[{"href":"https:\/\/metropolevsech.eu\/cs\/wp-json\/wp\/v2\/pages"}],"about":[{"href":"https:\/\/metropolevsech.eu\/cs\/wp-json\/wp\/v2\/types\/page"}],"author":[{"embeddable":true,"href":"https:\/\/metropolevsech.eu\/cs\/wp-json\/wp\/v2\/users\/7"}],"replies":[{"embeddable":true,"href":"https:\/\/metropolevsech.eu\/cs\/wp-json\/wp\/v2\/comments?post=3448"}],"version-history":[{"count":4,"href":"https:\/\/metropolevsech.eu\/cs\/wp-json\/wp\/v2\/pages\/3448\/revisions"}],"predecessor-version":[{"id":21913,"href":"https:\/\/metropolevsech.eu\/cs\/wp-json\/wp\/v2\/pages\/3448\/revisions\/21913"}],"up":[{"embeddable":true,"href":"https:\/\/metropolevsech.eu\/cs\/wp-json\/wp\/v2\/pages\/3406"}],"wp:attachment":[{"href":"https:\/\/metropolevsech.eu\/cs\/wp-json\/wp\/v2\/media?parent=3448"}],"curies":[{"name":"wp","href":"https:\/\/api.w.org\/{rel}","templated":true}]}}

MČ Praha 21

<p></p>
<h3><strong>ÚŘAD MĚSTSKÉ ČÁSTI PRAHA 21</strong></h3>
<p>&nbsp;</p>
<p><strong>adresa:</strong> Staroklánovická 260, 190 16 Praha 9</p>
<p><strong>telefon podatelna</strong>: 281 01 29 11</p>
<p><strong>e-mail:</strong> <a href="mailto:podatelna@praha21.cz">podatelna@praha21.cz</a></p>
<p><strong>internetová adresa:</strong> <a href="http://www.praha21.cz">www.praha21.cz</a></p>
<p>&nbsp;</p>
<p>Městská část Praha 21 zahrnuje katastrální území Újezd nad Lesy u východní hranice hlavního města Prahy. Počátkem 20. století se obec rozrůstá výstavbou rodinných vilek a domků, úpravou silnic a chodníků, stavbou polyfunkčního centra. Obec je charakteristická výskytem rozsáhlých lesů, které ji činí zajímavou přírodní lokalitou.</p>
<p><strong> </strong></p>
<h3><strong>Ostatní úřady: </strong></h3>
<h4>Pobočka úřadu práce</h4>
<p>Kontaktní pracoviště <a href="https://www.uradprace.cz/praha-9">Praha 9</a> (pro Prahu 9, 14, 18, 19, 20 a 21)</p>
<p><a href="https://www.uradprace.cz/praha-9">Kontakty na pracoviště</a>, <a href="https://www.uradprace.cz/web/cz/volna-mista-v-cr">Volná místa</a></p>
<p><strong> </strong></p>
<h4><strong>Pražská správa sociálního zabezpečení (PSSZ)</strong></h4>
<div class="box-ok"></p>
<p><em> Územní působnost úřadu není dána. Můžete tedy zvolit kterékoliv územní pracoviště bez ohledu na místo pobytu či sídlo. </em></p>
<p><em><a href="http://www.cssz.cz/cz/kontakty/krajska-a-okresni-pracoviste/praha/">Kontakty na jednotlivá územní pracoviště </a></em></div>
<p><strong> </strong></p>
<h4><strong>Finanční úřad</strong></h4>
<p>Územní pracoviště pro Prahu 9</p>
<p><strong>Adresa:</strong> Praha 7, nábř. Kpt. Jaroše 1000/7, 170 00</p>
<p><a href="https://www.financnisprava.cz/cs/financni-sprava/financni-sprava-cr/organizacni-struktura/organy-financni-spravy/uzemni-pracoviste/2009-uzemni-pracoviste-pro-prahu-9">Kontaktní informace</a></p>

<p>ÚŘAD MĚSTSKÉ ČÁSTI PRAHA 21 &nbsp; adresa: Staroklánovická 260, 190 16 Praha 9 telefon podatelna: 281 01 29 11 e-mail: podatelna@praha21.cz internetová adresa: www.praha21.cz &nbsp; Městská část Praha 21 zahrnuje katastrální území Újezd nad Lesy u východní hranice hlavního města&#8230;</p>
<a class="more-block" href="https://metropolevsech.eu/cs/kontakty/urady-v-praze/mestske-casti/jednotlive-mestske-casti/mestska-cast-praha-21/">Číst více</a>
